{"id":3162,"date":"2025-08-25T17:30:44","date_gmt":"2025-08-25T16:30:44","guid":{"rendered":"https:\/\/paroisse-jemeppe-onoz.be\/paroisse\/onoz\/?page_id=3162"},"modified":"2025-08-25T17:30:44","modified_gmt":"2025-08-25T16:30:44","slug":"la-fete-de-jean-francois","status":"publish","type":"page","link":"https:\/\/paroisse-jemeppe-onoz.be\/paroisse\/onoz\/la-fete-de-jean-francois\/","title":{"rendered":"La f\u00eate de Jean-Fran\u00e7ois"},"content":{"rendered":"<p>La paroisse \u00e0 f\u00eat\u00e9 son cur\u00e9 Jean-Fran\u00e7ois Scheffers \u00e0 l&rsquo;occasion de son d\u00e9part \u00e0 la retraite<br \/>\nle 15 ao\u00fbt \u00e0 la chapelle de Montserrat.<\/p>\n<p><span style=\"text-decoration: underline\"><span style=\"color: #ff0000\"><em><a style=\"color: #ff0000;text-decoration: underline\" href=\"https:\/\/paroisse-jemeppe-onoz.be\/paroisse\/galerie\/20250815_Montserrat\/index.php\" target=\"_blank\">Voir les photos<\/a><\/em><\/span><\/span><\/p>\n","protected":false},"excerpt":{"rendered":"<p>La paroisse \u00e0 f\u00eat\u00e9 son cur\u00e9 Jean-Fran\u00e7ois Scheffers \u00e0 l&rsquo;occasion de son d\u00e9part \u00e0 la retraite le 15 ao\u00fbt \u00e0 la chapelle de Montserrat. Voir les photos<\/p>\n","protected":false},"author":1,"featured_media":0,"parent":0,"menu_order":0,"comment_status":"closed","ping_status":"open","template":"","meta":{"_kad_post_transparent":"","_kad_post_title":"","_kad_post_layout":"","_kad_post_sidebar_id":"","_kad_post_content_style":"","_kad_post_vertical_padding":"","_kad_post_feature":"","_kad_post_feature_position":"","_kad_post_header":false,"_kad_post_footer":false,"_kad_post_classname":"","footnotes":""},"class_list":["post-3162","page","type-page","status-publish","hentry"],"jetpack_sharing_enabled":true,"_links":{"self":[{"href":"https:\/\/paroisse-jemeppe-onoz.be\/paroisse\/onoz\/wp-json\/wp\/v2\/pages\/3162","targetHints":{"allow":["GET"]}}],"collection":[{"href":"https:\/\/paroisse-jemeppe-onoz.be\/paroisse\/onoz\/wp-json\/wp\/v2\/pages"}],"about":[{"href":"https:\/\/paroisse-jemeppe-onoz.be\/paroisse\/onoz\/wp-json\/wp\/v2\/types\/page"}],"author":[{"embeddable":true,"href":"https:\/\/paroisse-jemeppe-onoz.be\/paroisse\/onoz\/wp-json\/wp\/v2\/users\/1"}],"replies":[{"embeddable":true,"href":"https:\/\/paroisse-jemeppe-onoz.be\/paroisse\/onoz\/wp-json\/wp\/v2\/comments?post=3162"}],"version-history":[{"count":0,"href":"https:\/\/paroisse-jemeppe-onoz.be\/paroisse\/onoz\/wp-json\/wp\/v2\/pages\/3162\/revisions"}],"wp:attachment":[{"href":"https:\/\/paroisse-jemeppe-onoz.be\/paroisse\/onoz\/wp-json\/wp\/v2\/media?parent=3162"}],"curies":[{"name":"wp","href":"https:\/\/api.w.org\/{rel}","templated":true}]}}