{"id":23,"date":"2014-12-27T12:10:16","date_gmt":"2014-12-27T11:10:16","guid":{"rendered":"https:\/\/paroisse-jemeppe-onoz.be\/paroisse\/onoz\/?page_id=23"},"modified":"2014-12-27T12:10:16","modified_gmt":"2014-12-27T11:10:16","slug":"chorale","status":"publish","type":"page","link":"https:\/\/paroisse-jemeppe-onoz.be\/paroisse\/onoz\/vie-associative\/chorale\/","title":{"rendered":"Chorale d&rsquo;Onoz"},"content":{"rendered":"<p style=\"text-align: right\"><span style=\"color: #008000\"><em> Le chant c\u2019est comme le Saint Esprit : nul ne sait ni d\u2019o\u00f9 il vient, ni o\u00f9 il va, ce qu\u2019il peut produire. Le chant appartient au domaine de la gr\u00e2ce, du \u00ab par-dessus le march\u00e9, du cadeau \u00bb\u2026<\/em><\/span><br \/>\n<span style=\"color: #008000\"> <em>Il fait \u00e9cho \u00e0 la gr\u00e2ce, \u00e0 Dieu qui donne. <\/em><\/span><br \/>\n<span style=\"color: #008000\"> <em>Quand le chanteur donne ce qu\u2019il a de plus pr\u00e9cieux, son souffle, il fait simplement un acte d\u2019amour. <\/em><\/span><br \/>\n<span style=\"color: #008000\"> <em>Le premier service que rend le chant c\u2019est de sauver le monde de l\u2019obsession de l\u2019utilitaire. <\/em><\/span><br \/>\n<span style=\"color: #008000\"> <em>Le chant \u00e0 l\u2019\u00e9glise aide \u00e0 ne pas oublier que ce qui est vrai, c\u2019est ce qui est cadeau, gratuit\u2026<br \/>\nce qui est conforme \u00e0 la foi en Dieu qui donne. <\/em><\/span><br \/>\n<em>P. Groslambert<\/em><\/p>\n<p>A Onoz, la chorale est toute tourn\u00e9e vers l\u2019acte de rassemblement autour de la c\u00e9l\u00e9bration. Son but premier est d\u2019aider l\u2019assembl\u00e9e \u00e0 chanter. Plus qu\u2019un soliste, la chorale entra\u00eene \u00e0 chanter car elle donne une bonne image du chant collectif. Nous offrons la possibilit\u00e9 de chanter ensemble afin de donner au chant sa dimension de partage. Chaque membre de la chorale apporte par sa voix une contribution \u00e0 l\u2019\u00e9motion spirituelle de la communaut\u00e9 paroissiale.<\/p>\n<p>Ainsi nous programmons des chants sur une longue dur\u00e9e notamment \u00ab l\u2019ordinaire \u00bb de la messe pour optimiser la participation de l\u2019assembl\u00e9e. Nous chantons des chants tr\u00e8s connus de celle-ci qui se r\u00e9p\u00e8tent d\u2019ann\u00e9e en ann\u00e9e. Par ailleurs lors des f\u00eates liturgiques, nous nous essayons \u00e0 introduire des nouveaut\u00e9s qui viendront enrichir le r\u00e9pertoire de la paroisse.<\/p>\n<p>Le groupe \u00ab chorale \u00bb se veut participatif et en son sein, chaque membre est \u00ab une voix \u00bb \u00e0 part enti\u00e8re qui donnera son avis dans le choix des chants et des strophes \u00e0 chanter, etc\u2026<br \/>\nUn bel unisson dans les c\u00e9l\u00e9brations eucharistiques exprime que nous chantons d\u2019une m\u00eame voix. L\u2019introduction de la polyphonie se fait d\u00e8s que cela est possible. Chaque choriste se souciera des questions techniques li\u00e9es au chant : ici une intonation, l\u00e0 un d\u00e9part difficile, l\u00e0 des temps \u00e0 compter\u2026\u2026. bref la mise en \u0153uvre des chants, gr\u00e2ce \u00e0 la participation aux r\u00e9p\u00e9titions hebdomadaires.<\/p>\n<p><em>Merci, Seigneur, pour la musique que tu mets en nos c\u0153urs et pour ce don que tu nous fais de pouvoir chanter ton nom!<\/em><\/p>\n<p><span style=\"text-decoration: underline\"><strong>R\u00e9p\u00e9titions<\/strong><\/span> :<br \/>\nLe samedi soir entre 20h et 21h, dans l\u2019\u00e9glise (apr\u00e8s la messe de 19h).<br \/>\nLe vendredi de 14h \u00e0 16h chez la chef de ch\u0153ur \u00e0 Jemeppe.<\/p>\n<p><span style=\"text-decoration: underline\"><strong>Organiste<\/strong><\/span> : Arnaud Bazin<\/p>\n<p><span style=\"text-decoration: underline\"><strong>Chef de ch\u0153ur<\/strong><\/span> : Nicole Devreese, rue de la Poste, 8, 5190 Jemeppe-sur-Sambre.<br \/>\n<span style=\"text-decoration: underline\">Tel<\/span> : 071\/789887 ou 0496\/944 192<br \/>\n<span style=\"text-decoration: underline\">e-mail<\/span> : devreese.nicole@gmail.com<\/p>\n","protected":false},"excerpt":{"rendered":"<p>Le chant c\u2019est comme le Saint Esprit : nul ne sait ni d\u2019o\u00f9 il vient, ni o\u00f9 il va, ce qu\u2019il peut produire. Le chant appartient au domaine de la gr\u00e2ce, du \u00ab par-dessus le march\u00e9, du cadeau \u00bb\u2026 Il fait \u00e9cho \u00e0 la gr\u00e2ce, \u00e0 Dieu qui donne. Quand le chanteur donne ce qu\u2019il&#8230;<\/p>\n","protected":false},"author":1,"featured_media":0,"parent":2,"menu_order":0,"comment_status":"closed","ping_status":"closed","template":"","meta":{"_kad_post_transparent":"","_kad_post_title":"","_kad_post_layout":"","_kad_post_sidebar_id":"","_kad_post_content_style":"","_kad_post_vertical_padding":"","_kad_post_feature":"","_kad_post_feature_position":"","_kad_post_header":false,"_kad_post_footer":false,"_kad_post_classname":"","footnotes":""},"class_list":["post-23","page","type-page","status-publish","hentry"],"jetpack_sharing_enabled":true,"_links":{"self":[{"href":"https:\/\/paroisse-jemeppe-onoz.be\/paroisse\/onoz\/wp-json\/wp\/v2\/pages\/23","targetHints":{"allow":["GET"]}}],"collection":[{"href":"https:\/\/paroisse-jemeppe-onoz.be\/paroisse\/onoz\/wp-json\/wp\/v2\/pages"}],"about":[{"href":"https:\/\/paroisse-jemeppe-onoz.be\/paroisse\/onoz\/wp-json\/wp\/v2\/types\/page"}],"author":[{"embeddable":true,"href":"https:\/\/paroisse-jemeppe-onoz.be\/paroisse\/onoz\/wp-json\/wp\/v2\/users\/1"}],"replies":[{"embeddable":true,"href":"https:\/\/paroisse-jemeppe-onoz.be\/paroisse\/onoz\/wp-json\/wp\/v2\/comments?post=23"}],"version-history":[{"count":0,"href":"https:\/\/paroisse-jemeppe-onoz.be\/paroisse\/onoz\/wp-json\/wp\/v2\/pages\/23\/revisions"}],"up":[{"embeddable":true,"href":"https:\/\/paroisse-jemeppe-onoz.be\/paroisse\/onoz\/wp-json\/wp\/v2\/pages\/2"}],"wp:attachment":[{"href":"https:\/\/paroisse-jemeppe-onoz.be\/paroisse\/onoz\/wp-json\/wp\/v2\/media?parent=23"}],"curies":[{"name":"wp","href":"https:\/\/api.w.org\/{rel}","templated":true}]}}