{"id":9451,"date":"2026-01-30T07:21:11","date_gmt":"2026-01-30T06:21:11","guid":{"rendered":"https:\/\/paroisse-jemeppe-onoz.be\/paroisse\/jemeppe\/?page_id=9451"},"modified":"2026-01-30T07:27:28","modified_gmt":"2026-01-30T06:27:28","slug":"professions-de-foi-inscriptions","status":"publish","type":"page","link":"https:\/\/paroisse-jemeppe-onoz.be\/paroisse\/jemeppe\/professions-de-foi-inscriptions\/","title":{"rendered":"Professions de Foi &#8211; Inscriptions"},"content":{"rendered":"\t\t<div data-elementor-type=\"wp-page\" data-elementor-id=\"9451\" class=\"elementor elementor-9451\">\n\t\t\t\t<div class=\"elementor-element elementor-element-308b87e e-flex e-con-boxed e-con e-parent\" data-id=\"308b87e\" data-element_type=\"container\" data-e-type=\"container\">\n\t\t\t\t\t<div class=\"e-con-inner\">\n\t\t\t\t<div class=\"elementor-element elementor-element-ab1bdc0 elementor-widget elementor-widget-image\" data-id=\"ab1bdc0\" data-element_type=\"widget\" data-e-type=\"widget\" data-widget_type=\"image.default\">\n\t\t\t\t\t\t\t\t\t\t\t\t\t\t\t<img fetchpriority=\"high\" decoding=\"async\" width=\"1024\" height=\"683\" src=\"https:\/\/paroisse-jemeppe-onoz.be\/paroisse\/jemeppe\/wp-content\/uploads\/sites\/4\/2019\/05\/P5120434-1024x683.jpg\" class=\"attachment-large size-large wp-image-3818\" alt=\"\" srcset=\"https:\/\/paroisse-jemeppe-onoz.be\/paroisse\/jemeppe\/wp-content\/uploads\/sites\/4\/2019\/05\/P5120434-1024x683.jpg 1024w, https:\/\/paroisse-jemeppe-onoz.be\/paroisse\/jemeppe\/wp-content\/uploads\/sites\/4\/2019\/05\/P5120434-300x200.jpg 300w, https:\/\/paroisse-jemeppe-onoz.be\/paroisse\/jemeppe\/wp-content\/uploads\/sites\/4\/2019\/05\/P5120434-768x513.jpg 768w, https:\/\/paroisse-jemeppe-onoz.be\/paroisse\/jemeppe\/wp-content\/uploads\/sites\/4\/2019\/05\/P5120434-1536x1025.jpg 1536w, https:\/\/paroisse-jemeppe-onoz.be\/paroisse\/jemeppe\/wp-content\/uploads\/sites\/4\/2019\/05\/P5120434-2048x1367.jpg 2048w\" sizes=\"(max-width: 1024px) 100vw, 1024px\" \/>\t\t\t\t\t\t\t\t\t\t\t\t\t\t\t<\/div>\n\t\t\t\t\t<\/div>\n\t\t\t\t<\/div>\n\t\t<div class=\"elementor-element elementor-element-5e9e032b e-flex e-con-boxed e-con e-parent\" data-id=\"5e9e032b\" data-element_type=\"container\" data-e-type=\"container\">\n\t\t\t\t\t<div class=\"e-con-inner\">\n\t\t\t\t<div class=\"elementor-element elementor-element-67699519 elementor-widget elementor-widget-text-editor\" data-id=\"67699519\" data-element_type=\"widget\" data-e-type=\"widget\" data-widget_type=\"text-editor.default\">\n\t\t\t\t\t\t\t\t\t\n<p>\u00a0<\/p>\n<p>Les enfants se trouvant en 6\u00e8me primaire peuvent faire leur \u00ab\u00a0profession de foi\u00a0\u00bb : exprimer leur foi, c\u2019est-\u00e0-dire exprimer leur confiance en Dieu.<\/p>\n\n<p>C\u2019est une c\u00e9l\u00e9bration qui a lieu \u00e0 Jemeppe chaque deuxi\u00e8me dimanche du mois de mai (jour de la f\u00eate des m\u00e8res\u2026).<\/p>\n\n<p>Contact:<br \/>B\u00e9atrice de Viron<br \/>catechismejemeppe@gmail.com<\/p>\n\t\t\t\t\t\t\t\t<\/div>\n\t\t\t\t\t<\/div>\n\t\t\t\t<\/div>\n\t\t\t\t<\/div>\n\t\t","protected":false},"excerpt":{"rendered":"<p>\u00a0 Les enfants se trouvant en 6\u00e8me primaire peuvent faire leur \u00ab\u00a0profession de foi\u00a0\u00bb : exprimer leur foi, c\u2019est-\u00e0-dire exprimer leur confiance en Dieu. C\u2019est une c\u00e9l\u00e9bration qui a lieu \u00e0 Jemeppe chaque deuxi\u00e8me dimanche du mois de mai (jour de la f\u00eate des m\u00e8res\u2026). Contact:B\u00e9atrice de Vironcatechismejemeppe@gmail.com<\/p>\n","protected":false},"author":1,"featured_media":0,"parent":0,"menu_order":0,"comment_status":"closed","ping_status":"closed","template":"","meta":{"_kad_post_transparent":"","_kad_post_title":"show","_kad_post_layout":"normal","_kad_post_sidebar_id":"","_kad_post_content_style":"","_kad_post_vertical_padding":"top","_kad_post_feature":"","_kad_post_feature_position":"","_kad_post_header":false,"_kad_post_footer":false,"_kad_post_classname":"","footnotes":""},"class_list":["post-9451","page","type-page","status-publish","hentry"],"jetpack_sharing_enabled":true,"_links":{"self":[{"href":"https:\/\/paroisse-jemeppe-onoz.be\/paroisse\/jemeppe\/wp-json\/wp\/v2\/pages\/9451","targetHints":{"allow":["GET"]}}],"collection":[{"href":"https:\/\/paroisse-jemeppe-onoz.be\/paroisse\/jemeppe\/wp-json\/wp\/v2\/pages"}],"about":[{"href":"https:\/\/paroisse-jemeppe-onoz.be\/paroisse\/jemeppe\/wp-json\/wp\/v2\/types\/page"}],"author":[{"embeddable":true,"href":"https:\/\/paroisse-jemeppe-onoz.be\/paroisse\/jemeppe\/wp-json\/wp\/v2\/users\/1"}],"replies":[{"embeddable":true,"href":"https:\/\/paroisse-jemeppe-onoz.be\/paroisse\/jemeppe\/wp-json\/wp\/v2\/comments?post=9451"}],"version-history":[{"count":4,"href":"https:\/\/paroisse-jemeppe-onoz.be\/paroisse\/jemeppe\/wp-json\/wp\/v2\/pages\/9451\/revisions"}],"predecessor-version":[{"id":9459,"href":"https:\/\/paroisse-jemeppe-onoz.be\/paroisse\/jemeppe\/wp-json\/wp\/v2\/pages\/9451\/revisions\/9459"}],"wp:attachment":[{"href":"https:\/\/paroisse-jemeppe-onoz.be\/paroisse\/jemeppe\/wp-json\/wp\/v2\/media?parent=9451"}],"curies":[{"name":"wp","href":"https:\/\/api.w.org\/{rel}","templated":true}]}}