{"id":9245,"date":"2026-01-28T09:07:40","date_gmt":"2026-01-28T08:07:40","guid":{"rendered":"https:\/\/paroisse-jemeppe-onoz.be\/paroisse\/jemeppe\/?page_id=9245"},"modified":"2026-02-13T09:54:51","modified_gmt":"2026-02-13T08:54:51","slug":"inscriptions_bapteme","status":"publish","type":"page","link":"https:\/\/paroisse-jemeppe-onoz.be\/paroisse\/jemeppe\/inscriptions_bapteme\/","title":{"rendered":"Pr\u00e9paration au bapt\u00eame"},"content":{"rendered":"\t\t<div data-elementor-type=\"wp-page\" data-elementor-id=\"9245\" class=\"elementor elementor-9245\">\n\t\t\t\t<div class=\"elementor-element elementor-element-1fb24cb e-flex e-con-boxed e-con e-parent\" data-id=\"1fb24cb\" data-element_type=\"container\" data-e-type=\"container\">\n\t\t\t\t\t<div class=\"e-con-inner\">\n\t\t\t\t<div class=\"elementor-element elementor-element-e0f715e elementor-widget elementor-widget-text-editor\" data-id=\"e0f715e\" data-element_type=\"widget\" data-e-type=\"widget\" data-widget_type=\"text-editor.default\">\n\t\t\t\t\t\t\t\t\t<p><span style=\"color: #0000ff;\"><em>Les bapt\u00eames\u00a0de la paroisse de Jemeppe-sur-Sambre ont lieu le dimanche \u00e0 11h.<\/em><\/span><\/p><p>\u00a0<\/p><p><a style=\"color: #008000; text-decoration: underline;\" href=\"https:\/\/www.paroisse-jemeppe-onoz.be\/paroisse\/bapteme\/\" target=\"_blank\" rel=\"noopener\">Choix de textes pour pr\u00e9parer la c\u00e9l\u00e9bration (cliquez)<\/a><em><span style=\"color: #0000ff;\"><br \/><\/span><\/em><\/p><p>Si vous habitez <strong>Ham-sur-Sambre, Moustier-s\/S ou Mornimont<\/strong>, contactez\u00a0votre cur\u00e9:<br \/>Abb\u00e9 Simon NTtoto<br \/>Rue Courte, 9, Ham-s\/S<br \/>071-78 59 40<br \/>simon.ntotobuela@gmail.com<\/p>\t\t\t\t\t\t\t\t<\/div>\n\t\t\t\t\t<\/div>\n\t\t\t\t<\/div>\n\t\t\t\t<\/div>\n\t\t","protected":false},"excerpt":{"rendered":"<p>Les bapt\u00eames\u00a0de la paroisse de Jemeppe-sur-Sambre ont lieu le dimanche \u00e0 11h. \u00a0 Choix de textes pour pr\u00e9parer la c\u00e9l\u00e9bration (cliquez) Si vous habitez Ham-sur-Sambre, Moustier-s\/S ou Mornimont, contactez\u00a0votre cur\u00e9:Abb\u00e9 Simon NTtotoRue Courte, 9, Ham-s\/S071-78 59 40simon.ntotobuela@gmail.com<\/p>\n","protected":false},"author":1,"featured_media":0,"parent":0,"menu_order":0,"comment_status":"closed","ping_status":"closed","template":"","meta":{"_kad_post_transparent":"","_kad_post_title":"default","_kad_post_layout":"normal","_kad_post_sidebar_id":"","_kad_post_content_style":"unboxed","_kad_post_vertical_padding":"hide","_kad_post_feature":"hide","_kad_post_feature_position":"","_kad_post_header":false,"_kad_post_footer":false,"_kad_post_classname":"","footnotes":""},"class_list":["post-9245","page","type-page","status-publish","hentry"],"jetpack_sharing_enabled":true,"_links":{"self":[{"href":"https:\/\/paroisse-jemeppe-onoz.be\/paroisse\/jemeppe\/wp-json\/wp\/v2\/pages\/9245","targetHints":{"allow":["GET"]}}],"collection":[{"href":"https:\/\/paroisse-jemeppe-onoz.be\/paroisse\/jemeppe\/wp-json\/wp\/v2\/pages"}],"about":[{"href":"https:\/\/paroisse-jemeppe-onoz.be\/paroisse\/jemeppe\/wp-json\/wp\/v2\/types\/page"}],"author":[{"embeddable":true,"href":"https:\/\/paroisse-jemeppe-onoz.be\/paroisse\/jemeppe\/wp-json\/wp\/v2\/users\/1"}],"replies":[{"embeddable":true,"href":"https:\/\/paroisse-jemeppe-onoz.be\/paroisse\/jemeppe\/wp-json\/wp\/v2\/comments?post=9245"}],"version-history":[{"count":35,"href":"https:\/\/paroisse-jemeppe-onoz.be\/paroisse\/jemeppe\/wp-json\/wp\/v2\/pages\/9245\/revisions"}],"predecessor-version":[{"id":10378,"href":"https:\/\/paroisse-jemeppe-onoz.be\/paroisse\/jemeppe\/wp-json\/wp\/v2\/pages\/9245\/revisions\/10378"}],"wp:attachment":[{"href":"https:\/\/paroisse-jemeppe-onoz.be\/paroisse\/jemeppe\/wp-json\/wp\/v2\/media?parent=9245"}],"curies":[{"name":"wp","href":"https:\/\/api.w.org\/{rel}","templated":true}]}}