{"id":4921,"date":"2020-11-12T13:46:38","date_gmt":"2020-11-12T12:46:38","guid":{"rendered":"https:\/\/paroisse-jemeppe-onoz.be\/paroisse\/jemeppe\/?page_id=4921"},"modified":"2026-01-19T17:46:16","modified_gmt":"2026-01-19T16:46:16","slug":"livres","status":"publish","type":"page","link":"https:\/\/paroisse-jemeppe-onoz.be\/paroisse\/jemeppe\/livres\/","title":{"rendered":"Livres"},"content":{"rendered":"<div class=\"container centered\">\n<div class=\"middle\">\n<div class=\"description read-more\">\n<h1 class=\"inner\" data-height=\"750\">\u00a0<span style=\"text-decoration: underline; color: #008000;\">Vivre tout bas<\/span><\/h1>\n<p>\u00ab\u00a0Vivre tout bas\u00a0\u00bb est le dernier livre de Jeanne Benameur.<\/p>\n<p>Comme n\u00e9e du paysage, une femme appara\u00eet au bord de la mer. On apprend que son fils, apr\u00e8s la travers\u00e9e de \u00ab\u00a0la grande souffrance\u00a0\u00bb, n&rsquo;est plus. On apprend, qu&rsquo;avant de dispara\u00eetre, il l&rsquo;a confi\u00e9e aux bons soins de son ami Jean, fid\u00e8le d&rsquo;entre les fid\u00e8les, qui l&rsquo;accompagne \u00e0 distance respectueuse et attentive. Au village, dans les collines, elle fait la rencontre cruciale d&rsquo;une enfant que le destin a rendue silencieuse.<\/p>\n<p>Marie, m\u00e8re et sainte, se d\u00e9couvre &#8211; corps et \u00e2me- \u00e0 la rencontre des autres, au contact des vies sans bruit, par l&rsquo;exercice et la transmission d&rsquo;un savoir secr\u00e8tement acquis dans l&rsquo;enfance, une r\u00e9volution intime, une libert\u00e9 inou\u00efe: \u00e9crire.<\/p>\n<p>Voici un extrait du livre :<br \/>\n<em>.\u00a0 \u00a0 \u00a0\u00ab\u00a0Il suffit parfois de si peu pour que l\u2019esp\u00e9rance revienne. Un parfum, un chant, le regard qui voit \u00e0 nouveau la beaut\u00e9 du ciel ou d\u2019une ombre sur un mur.<br \/>\n.\u00a0 \u00a0 \u00a0 Et quelque chose dans les c\u0153urs \u00e9puis\u00e9s se remet \u00e0 battre. Et qu\u2019importe que cela ne dure pas, que le poids des guerres et de la mis\u00e8re revienne \u00e9craser les poitrines.<br \/>\n.\u00a0 \u00a0 \u00a0 Le temps o\u00f9 la vision a \u00e9t\u00e9 l\u00e0 a ouvert une fissure dans le mur qui obstrue la vie. Cette fissure-l\u00e0 ne se comblera plus.<br \/>\n<\/em><em>.\u00a0 \u00a0 \u00a0 Et elle, Marie, du chant qu\u2019elle reprend maintenant, essaie de toutes ses forces d\u2019agrandir la fissure.\u00a0\u00bb<\/em><\/p>\n<p>.\u00a0 \u00a0 \u00a0 \u00a0 \u00a0 \u00a0 \u00a0 \u00a0 \u00a0 \u00a0 \u00a0 \u00a0 \u00a0Jeanne B\u00e9nameur,\u00a0<em>\u00ab\u00a0Vivre tout bas\u00a0\u00bb,<\/em>\u00a0Actes Sud, 2025, p.61<\/p>\n<p>&nbsp;<\/p>\n<h1 class=\"inner\" data-height=\"750\"><span style=\"text-decoration: underline; color: #008000;\"><span style=\"text-decoration: underline;\">Lire pour vivre<\/span><\/span><\/h1>\n<p><em>Andr\u00e9 Fossion, Jean-Paul Laurent, \u00c9ditions Lumen Vitae.<\/em><\/p>\n<p>Se nourrir de l\u2019\u00c9vangile. Les deux volumes contiennent chacun 70 lectures de textes \u00e9vang\u00e9liques qui tentent de d\u00e9ployer, pour la vie, quelques-unes des richesses toujours nouvelles de l\u2019\u00c9vangile.<br \/>\nLe deuxi\u00e8me volume vient de para\u00eetre.<\/p>\n<p><span style=\"text-decoration: underline;\"><span style=\"color: #ff6600;\"><a style=\"color: #ff6600; text-decoration: underline;\" href=\"https:\/\/youtu.be\/1XWYntCoBnI%20\" target=\"_blank\" rel=\"noopener\">Voir la vid\u00e9o de pr\u00e9sentation (Cliquez)<\/a><\/span><\/span><\/p>\n<p><a href=\"https:\/\/paroisse-jemeppe-onoz.be\/paroisse\/jemeppe\/wp-content\/uploads\/sites\/3\/2020\/12\/num\u00e9risation0016_01.jpg\"><img decoding=\"async\" class=\"alignnone wp-image-4994 \" src=\"https:\/\/paroisse-jemeppe-onoz.be\/paroisse\/jemeppe\/wp-content\/uploads\/sites\/3\/2020\/12\/num\u00e9risation0016_01-150x150.jpg\" alt=\"num\u00e9risation0016_01\" width=\"150\" height=\"150\" \/><\/a><\/p>\n<h1 class=\"inner\" data-height=\"750\"><\/h1>\n<h1 class=\"inner\" data-height=\"750\"><span style=\"text-decoration: underline; color: #008000;\">Apr\u00e8s J\u00e9sus&#8230;<\/span><\/h1>\n<div class=\"inner\" data-height=\"750\">.\u00a0\u00a0\u00a0 J\u00e9sus n\u2019a laiss\u00e9 aucun \u00e9crit, il se r\u00e9f\u00e9rait aux \u00c9critures juives.<br \/>\n.\u00a0\u00a0\u00a0 Il n\u2019a institu\u00e9 ni religion, ni credo, ni clerg\u00e9, ni rite, hormis un repas \u00ab en m\u00e9moire de lui \u00bb,<br \/>\n.\u00a0\u00a0\u00a0 et une pri\u00e8re, le \u00ab notre P\u00e8re \u00bb.<br \/>\n.\u00a0\u00a0\u00a0 Comment ses disciples ont-ils donc fait pour exprimer et mettre en pratique leur foi en lui\u00a0?<br \/>\n.\u00a0\u00a0\u00a0 Comment ont-ils pri\u00e9, communiqu\u00e9 entre eux, interagi avec les peuples qu\u2019ils c\u00f4toyaient\u00a0?<br \/>\n.\u00a0\u00a0\u00a0 Tout cela restait \u00e0 inventer\u2026<br \/>\n.\u00a0\u00a0\u00a0 Pendant plus de deux si\u00e8cles il y eut des communaut\u00e9s chr\u00e9tiennes tr\u00e8s diverses, voire divergentes,<br \/>\n.\u00a0\u00a0\u00a0 certaines proches du juda\u00efsme, d\u2019autres le rejetant absolument.<br \/>\n.\u00a0\u00a0\u00a0 Il faudra beaucoup de temps pour qu\u2019\u00e9merge une \u00c9glise unifi\u00e9e autour d\u2019un d\u00e9but d\u2019orthodoxie.<br \/>\n.\u00a0\u00a0\u00a0 C\u2019est alors, en 250, que les chr\u00e9tiens subiront la premi\u00e8re pers\u00e9cution g\u00e9n\u00e9rale<br \/>\n.\u00a0\u00a0\u00a0 dans un Empire en pleine crise.<\/div>\n<div class=\"inner\" data-height=\"750\">.\u00a0\u00a0\u00a0 <strong>Ce temps des commencements encore trop peu connu,<br \/>\n<\/strong> .\u00a0\u00a0\u00a0 <strong>ce temps tumultueux de tous les possibles<br \/>\n<\/strong>.\u00a0\u00a0\u00a0 <strong>est ici reconstitu\u00e9 de fa\u00e7on accessible et vivante par 80 des meilleurs sp\u00e9cialistes<br \/>\n<\/strong> .<strong>\u00a0\u00a0\u00a0<\/strong> <strong>des premiers si\u00e8cles de notre \u00e8re <\/strong><em>(dont Jos\u00e9 Reding)<br \/>\n.\u00a0\u00a0\u00a0 <\/em><strong>dans cet ouvrage collectif qui vient de para\u00eetre :<br \/>\n<\/strong><\/div>\n<div class=\"inner\" data-height=\"750\"><\/div>\n<h2 class=\"inner\" data-height=\"750\">.\u00a0\u00a0<strong>\u00a0\u00a0 \u00a0 \u00a0 \u00a0 \u00a0 \u00a0 \u00a0 \u00a0 \u00a0 \u00a0 \u00a0 \u00a0\u00a0<span style=\"color: #008000;\">\u00a0 <a href=\"https:\/\/paroisse-jemeppe-onoz.be\/paroisse\/jemeppe\/wp-content\/uploads\/sites\/3\/2020\/11\/D\u00e9pliant-APRES-JESUS-2.pdf\"><span style=\"color: #ff0000;\">Apr\u00e8s J\u00e9sus<\/span>,<\/a><\/span><\/strong><br \/>\n<a href=\"https:\/\/paroisse-jemeppe-onoz.be\/paroisse\/jemeppe\/wp-content\/uploads\/sites\/3\/2020\/11\/D\u00e9pliant-APRES-JESUS-2.pdf\"> <span style=\"color: #008000;\"><span style=\"color: #000000;\">.\u00a0\u00a0\u00a0\u00a0\u00a0\u00a0\u00a0\u00a0\u00a0\u00a0\u00a0\u00a0\u00a0<strong><em> L<\/em><\/strong><\/span><\/span><strong><span style=\"color: #000000;\"><em>&lsquo;invention du christianisme<\/em><\/span><\/strong><\/a><\/h2>\n<p class=\"inner\" data-height=\"750\"><a href=\"https:\/\/paroisse-jemeppe-onoz.be\/paroisse\/jemeppe\/wp-content\/uploads\/sites\/3\/2020\/11\/D\u00e9pliant-APRES-JESUS-2.pdf\" target=\"_blank\" rel=\"noopener\">.\u00a0 \u00a0 \u00a0 \u00a0 \u00a0 \u00a0 \u00a0 \u00a0 \u00a0\u00a0 \u00a0 \u00a0 \u00a0 \u00a0 \u00a0 \u00a0 \u00a0 \u00a0 \u00a0 \u00a0 \u00a0 \u00a0 \u00a0\u00a0<span style=\"color: #000000;\"> \u00c9ditions Albin Michel\u00a0\u00a0\u00a0\u00a0\u00a0\u00a0\u00a0\u00a0\u00a0\u00a0\u00a0\u00a0\u00a0\u00a0\u00a0\u00a0<\/span><\/a><\/p>\n<p class=\"inner\" data-height=\"750\"><a href=\"https:\/\/paroisse-jemeppe-onoz.be\/paroisse\/jemeppe\/wp-content\/uploads\/sites\/4\/2020\/11\/Depliant-APRES-JESUS-2.pdf\"><span style=\"color: #000000;\"> <em>(Cliquez pour voir le le d\u00e9pliant de pr\u00e9sentation)<\/em><\/span><\/a><\/p>\n<\/div>\n<\/div>\n<\/div>\n<h3>\u00a0.\u00a0\u00a0\u00a0\u00a0 <span style=\"color: #008000;\"><span style=\"text-decoration: underline;\">Vid\u00e9os<\/span> :<\/span><\/h3>\n<p><span style=\"color: #0000ff;\">.\u00a0\u00a0\u00a0 \u00a0 \u00a0 \u00a0 \u00a0\u00a0 <a style=\"color: #0000ff;\" href=\"https:\/\/www.youtube.com\/watch?v=28Gl-qjACro\" target=\"_blank\" rel=\"noopener\"><span style=\"text-decoration: underline;\">Pr\u00e9sentation<\/span><\/a><\/span><a href=\"https:\/\/www.youtube.com\/watch?v=28Gl-qjACro\" target=\"_blank\" rel=\"noopener\"><span style=\"text-decoration: underline;\"><span style=\"color: #0000ff; text-decoration: underline;\"> de l&rsquo;ouvrage<\/span><\/span><\/a><\/p>\n<p>.\u00a0\u00a0 \u00a0 \u00a0 \u00a0 \u00a0\u00a0\u00a0 <span style=\"color: #0000ff;\"><a style=\"color: #0000ff; text-decoration: underline;\" href=\"https:\/\/drive.google.com\/file\/d\/1KGkfcFUeYJgt7Byr1CGHcwZGygVf174S\/view\">La<\/a><\/span><span style=\"text-decoration: underline; color: #0000ff;\"><a style=\"color: #0000ff; text-decoration: underline;\" href=\"https:\/\/drive.google.com\/file\/d\/1KGkfcFUeYJgt7Byr1CGHcwZGygVf174S\/view\" target=\"_blank\" rel=\"noopener\"> situation des femmes dans le premier christianisme<\/a><\/span><\/p>\n<p>.\u00a0\u00a0\u00a0 \u00a0 \u00a0 \u00a0 \u00a0\u00a0 <a href=\"https:\/\/drive.google.com\/file\/d\/1ZDxHnKEcXvEn8JeBKRj3wV7viCQbDhdu\/view\" target=\"_blank\" rel=\"noopener\"><span style=\"text-decoration: underline;\"><span style=\"color: #0000ff; text-decoration: underline;\">La pr\u00e9sence de pr\u00eatres dans le premier christianisme<\/span><\/span><\/a><\/p>\n<p>===========================================================================<\/p>\n<h1><span style=\"color: #008000;\"><strong>Matthieu Dire Dieu<\/strong><\/span><\/h1>\n<p><a href=\"https:\/\/paroisse-jemeppe-onoz.be\/paroisse\/jemeppe\/wp-content\/uploads\/sites\/3\/2020\/04\/matthieu-dire-dieu.jpg\"><span style=\"color: #000000;\">.\u00a0\u00a0\u00a0\u00a0\u00a0\u00a0\u00a0\u00a0\u00a0\u00a0\u00a0\u00a0\u00a0\u00a0\u00a0 <\/span><img fetchpriority=\"high\" decoding=\"async\" class=\"alignnone wp-image-4539 size-medium\" src=\"https:\/\/paroisse-jemeppe-onoz.be\/paroisse\/jemeppe\/wp-content\/uploads\/sites\/3\/2020\/04\/matthieu-dire-dieu-226x300.jpg\" alt=\"matthieu-dire-dieu\" width=\"226\" height=\"300\" \/><\/a><\/p>\n<p>.\u00a0\u00a0\u00a0\u00a0\u00a0\u00a0\u00a0 Ce livre est le fruit de rencontres entre deux auteurs (Andr\u00e9 Fossion et Jean-Paul Laurent) et vingt passages de l\u2019\u00e9vangile de Matthieu.<br \/>\n.\u00a0\u00a0\u00a0\u00a0\u00a0\u00a0\u00a0 Elles ont donn\u00e9 lieu \u00e0 diverses formes de r\u00e9\u00e9critures tant\u00f4t plus analytiques, tant\u00f4t plus po\u00e9tiques.<\/p>\n<p>.\u00a0\u00a0\u00a0\u00a0\u00a0\u00a0\u00a0 Chaque passage d\u2019\u00c9vangile est illustr\u00e9 par une peinture de Th\u00e9r\u00e8se Gabriel.<\/p>\n<p>.\u00a0\u00a0\u00a0\u00a0\u00a0\u00a0\u00a0 Cet ouvrage sera utile \u00e0 tous ceux qui d\u00e9sirent approfondir leur intelligence de l\u2019\u00c9vangile pour en vivre et en faire vivre.<\/p>\n<p>. \u00a0 \u00a0 \u00a0 \u00a0 \u00a0 \u00a0 \u00a0 \u00a0\u00a0\u00a0\u00a0\u00a0 <span style=\"text-decoration: underline;\"><span style=\"color: #ff6600;\"><a style=\"color: #ff6600; text-decoration: underline;\" href=\"https:\/\/www.youtube.com\/watch?v=ijfhyfoEC_Q&amp;feature=youtu.be\" target=\"_blank\" rel=\"noopener\">Voir la vid\u00e9o de pr\u00e9sentation (Cliquez)<\/a><\/span><\/span><\/p>\n<p>.\u00a0\u00a0\u00a0\u00a0\u00a0\u00a0\u00a0\u00a0\u00a0\u00a0\u00a0 Les auteurs ont aussi publi\u00e9 dans le m\u00eame esprit : \u00ab\u00a0Dire saint Jean\u00a0\u00bb et \u00ab\u00a0Luc Lire Dieu\u00a0\u00bb toujours aux \u00e9ditions \u00ab\u00a0Lumen Vitae\u00a0\u00bb.<\/p>\n","protected":false},"excerpt":{"rendered":"<p>\u00a0Vivre tout bas \u00ab\u00a0Vivre tout bas\u00a0\u00bb est le dernier livre de Jeanne Benameur. Comme n\u00e9e du paysage, une femme appara\u00eet au bord de la mer. On apprend que son fils, apr\u00e8s la travers\u00e9e de \u00ab\u00a0la grande souffrance\u00a0\u00bb, n&rsquo;est plus. On apprend, qu&rsquo;avant de dispara\u00eetre, il l&rsquo;a confi\u00e9e aux bons soins de son ami Jean, fid\u00e8le&#8230;<\/p>\n","protected":false},"author":1,"featured_media":0,"parent":0,"menu_order":0,"comment_status":"closed","ping_status":"open","template":"","meta":{"_kad_post_transparent":"","_kad_post_title":"","_kad_post_layout":"","_kad_post_sidebar_id":"","_kad_post_content_style":"","_kad_post_vertical_padding":"","_kad_post_feature":"","_kad_post_feature_position":"","_kad_post_header":false,"_kad_post_footer":false,"_kad_post_classname":"","footnotes":""},"class_list":["post-4921","page","type-page","status-publish","hentry"],"jetpack_sharing_enabled":true,"_links":{"self":[{"href":"https:\/\/paroisse-jemeppe-onoz.be\/paroisse\/jemeppe\/wp-json\/wp\/v2\/pages\/4921","targetHints":{"allow":["GET"]}}],"collection":[{"href":"https:\/\/paroisse-jemeppe-onoz.be\/paroisse\/jemeppe\/wp-json\/wp\/v2\/pages"}],"about":[{"href":"https:\/\/paroisse-jemeppe-onoz.be\/paroisse\/jemeppe\/wp-json\/wp\/v2\/types\/page"}],"author":[{"embeddable":true,"href":"https:\/\/paroisse-jemeppe-onoz.be\/paroisse\/jemeppe\/wp-json\/wp\/v2\/users\/1"}],"replies":[{"embeddable":true,"href":"https:\/\/paroisse-jemeppe-onoz.be\/paroisse\/jemeppe\/wp-json\/wp\/v2\/comments?post=4921"}],"version-history":[{"count":3,"href":"https:\/\/paroisse-jemeppe-onoz.be\/paroisse\/jemeppe\/wp-json\/wp\/v2\/pages\/4921\/revisions"}],"predecessor-version":[{"id":8533,"href":"https:\/\/paroisse-jemeppe-onoz.be\/paroisse\/jemeppe\/wp-json\/wp\/v2\/pages\/4921\/revisions\/8533"}],"wp:attachment":[{"href":"https:\/\/paroisse-jemeppe-onoz.be\/paroisse\/jemeppe\/wp-json\/wp\/v2\/media?parent=4921"}],"curies":[{"name":"wp","href":"https:\/\/api.w.org\/{rel}","templated":true}]}}