{"id":1367,"date":"2016-03-26T14:45:23","date_gmt":"2016-03-26T13:45:23","guid":{"rendered":"https:\/\/paroisse-jemeppe-onoz.be\/paroisse\/jemeppe\/?page_id=1367"},"modified":"2026-01-21T12:07:50","modified_gmt":"2026-01-21T11:07:50","slug":"textes-theologiques","status":"publish","type":"page","link":"https:\/\/paroisse-jemeppe-onoz.be\/paroisse\/jemeppe\/textes-theologiques\/","title":{"rendered":"R\u00e9flexions"},"content":{"rendered":"<p><span style=\"text-decoration: underline; color: #008000;\">La gr\u00e2ce au c\u0153ur\u00a0\u00a0<\/span><em><span style=\"color: #008000;\"><span style=\"color: #000000;\">(Andr\u00e9 Fossion, septembre 2021)<br \/>\n<\/span><\/span><\/em><span style=\"color: #008000;\"><span style=\"color: #000000;\">.\u00a0 \u00a0 \u00a0 \u00a0 \u00a0Le mot gr\u00e2ce est un terme tr\u00e8s riche anthropologiquement et th\u00e9ologiquement.<br \/>\n.\u00a0 \u00a0 \u00a0 \u00a0 \u00a0 \u00a0 \u00a0 Il appartient au vocabulaire de la communication,\u00a0<\/span><\/span><span style=\"color: #008000;\"><span style=\"color: #000000;\">d\u2019un certain type de communication.<br \/>\n.\u00a0 \u00a0 \u00a0 \u00a0 \u00a0La gr\u00e2ce, c\u2019est ce qui est re\u00e7u d\u2019un autre gratuitement.<br \/>\n.\u00a0 \u00a0 \u00a0 \u00a0 \u00a0La gr\u00e2ce est une mani\u00e8re d\u2019\u00eatre en relation avec autrui<br \/>\n.\u00a0 \u00a0 \u00a0 \u00a0 \u00a0 \u00a0 \u00a0dans laquelle les dons s\u2019\u00e9changent et se transmettent gracieusement, sans compter.<br \/>\n.\u00a0 \u00a0 \u00a0 \u00a0 \u00a0La gr\u00e2ce d\u00e9signe cette relation de gratuit\u00e9 elle-m\u00eame.<br \/>\n.\u00a0 \u00a0 \u00a0 \u00a0 \u00a0On sait combien il importe pour tout \u00eatre humain d\u2019avoir dans sa vie au moins une personne<br \/>\n.\u00a0 \u00a0 \u00a0 \u00a0 \u00a0 \u00a0 dont il a l\u2019assurance<\/span><\/span><span style=\"color: #008000;\"><span style=\"color: #000000;\">\u00a0qu\u2019il en sera toujours accueilli, aim\u00e9, sans condition, sans devoir payer.<br \/>\n<\/span><\/span><em><span style=\"color: #008000;\"><span style=\"color: #000000;\">.\u00a0 \u00a0 \u00a0 \u00a0 \u00a0 \u00a0 \u00a0 \u00a0 \u00a0 \u00a0 \u00a0 \u00a0 \u00a0 \u00a0 \u00a0 \u00a0 \u00a0 \u00a0 \u00a0 \u00a0 \u00a0 \u00a0 \u00a0 \u00a0 \u00a0 \u00a0 \u00a0 \u00a0 \u00a0 \u00a0 \u00a0 \u00a0 \u00a0 \u00a0 \u00a0 \u00a0 \u00a0 \u00a0 \u00a0 \u00a0 \u00a0<a href=\"https:\/\/paroisse-jemeppe-onoz.be\/paroisse\/jemeppe\/wp-content\/uploads\/sites\/4\/2022\/01\/CPNE-Fossion-16-sept.pdf\"><span style=\"text-decoration: underline;\"><span style=\"color: #ff6600; text-decoration: underline;\">Voir tout l&rsquo;article (Cliquez)<\/span><\/span><\/a><\/span><\/span><\/em><\/p>\n<p><span style=\"text-decoration: underline; color: #008000;\">Imaginer les gestes barri\u00e8res contre le retour \u00e0 la production d&rsquo;avant-crie<\/span><span style=\"color: #008000;\"><span style=\"color: #000000;\"> (Bruno Latour, mars 2020)<\/span><\/span><\/p>\n<p><span style=\"text-decoration: underline; color: #008000;\"><a style=\"color: #008000; text-decoration: underline;\" href=\"https:\/\/paroisse-jemeppe-onoz.be\/paroisse\/jemeppe\/wp-content\/uploads\/sites\/3\/2020\/04\/Thomas-Halik.pdf\">Un texte d&rsquo;un pr\u00eatre tch\u00e8que sur l&rsquo;avenir de l&rsquo;Eglise<\/a><\/span><em><span style=\"color: #008000;\"><span style=\"color: #000000;\"> (Tomas Halik, avril 2020)<\/span><\/span><\/em><\/p>\n<p><a href=\"https:\/\/paroisse-jemeppe-onoz.be\/paroisse\/jemeppe\/wp-content\/uploads\/sites\/3\/2020\/04\/Et-tout-s\u2019est-arre\u0302te\u0301.pdf\"><span style=\"text-decoration: underline;\"><span style=\"color: #008000; text-decoration: underline;\">Et tout s&rsquo;est arr\u00eat\u00e9<\/span><\/span><\/a> <span style=\"color: #000000;\"><em>(Un pr\u00eatre de Bordeaux, avril 2020)<\/em><\/span><\/p>\n<p><a href=\"https:\/\/paroisse-jemeppe-onoz.be\/paroisse\/jemeppe\/wp-content\/uploads\/sites\/3\/2020\/03\/La-Peste_Roman-actuel_a.pdf\"><span style=\"text-decoration: underline;\"><span style=\"color: #008000; text-decoration: underline;\">La Peste d&rsquo;Albert Camus : un roman toujours actuel<\/span> <\/span><\/a><span style=\"color: #000000;\"><em>(JF Scheffers, mars 2020)<\/em><\/span><\/p>\n<p><span style=\"color: #008000;\"><a style=\"color: #008000;\" href=\"https:\/\/paroisse-jemeppe-onoz.be\/paroisse\/jemeppe\/wp-content\/uploads\/sites\/3\/2020\/06\/P\u00e2ques-2020_Culte-Protestant.pdf\"><span style=\"text-decoration: underline;\"><span style=\"text-decoration: underline;\">P\u00e2ques 2020<\/span><\/span><\/a><\/span><\/p>\n<p><a href=\"https:\/\/paroisse-jemeppe-onoz.be\/paroisse\/jemeppe\/wp-content\/uploads\/sites\/3\/2020\/06\/Camille-Gerard_Trampoline.pdf\"><span style=\"text-decoration: underline;\"><span style=\"color: #008000; text-decoration: underline;\">Un r\u00eave \u00e9veill\u00e9<\/span><\/span> <span style=\"color: #000000;\"><em>(Camille G\u00e9rard, mai 2017)<\/em><\/span><\/a><\/p>\n<p><a href=\"https:\/\/paroisse-jemeppe-onoz.be\/paroisse\/jemeppe\/wp-content\/uploads\/sites\/3\/2016\/03\/Reding_salut_16-04-26.pdf\"><span style=\"text-decoration: underline;\"><span style=\"color: #008000; text-decoration: underline;\">Petit essai sur le salut chr\u00e9tien<\/span><\/span> <span style=\"color: #000000;\"><em>(Jos\u00e9 Reding, avril 2016)<\/em><\/span><\/a><\/p>\n<p><span style=\"color: #008000;\"><a style=\"color: #008000;\" href=\"http:\/\/www.fermedesetoiles.fr\/webtv\/video\/240\/hubert_reeves_rencontre_s_avec_hubert_reeves\"><span style=\"text-decoration: underline;\">Rencontre avec Hubert Reeves<\/span> <span style=\"color: #000000;\"><em>(Festival d&rsquo;astronomie de Fleurance, ao\u00fbt 2016)<\/em><\/span><\/a><\/span><\/p>\n<div id=\"short_description_content\" class=\"rte align_justify\"><\/div>\n<p>&nbsp;<\/p>\n<p>&nbsp;<\/p>\n","protected":false},"excerpt":{"rendered":"<p>La gr\u00e2ce au c\u0153ur\u00a0\u00a0(Andr\u00e9 Fossion, septembre 2021) .\u00a0 \u00a0 \u00a0 \u00a0 \u00a0Le mot gr\u00e2ce est un terme tr\u00e8s riche anthropologiquement et th\u00e9ologiquement. .\u00a0 \u00a0 \u00a0 \u00a0 \u00a0 \u00a0 \u00a0 Il appartient au vocabulaire de la communication,\u00a0d\u2019un certain type de communication. .\u00a0 \u00a0 \u00a0 \u00a0 \u00a0La gr\u00e2ce, c\u2019est ce qui est re\u00e7u d\u2019un autre gratuitement. .\u00a0&#8230;<\/p>\n","protected":false},"author":1,"featured_media":0,"parent":0,"menu_order":0,"comment_status":"closed","ping_status":"open","template":"","meta":{"_kad_post_transparent":"","_kad_post_title":"","_kad_post_layout":"","_kad_post_sidebar_id":"","_kad_post_content_style":"","_kad_post_vertical_padding":"","_kad_post_feature":"","_kad_post_feature_position":"","_kad_post_header":false,"_kad_post_footer":false,"_kad_post_classname":"","footnotes":""},"class_list":["post-1367","page","type-page","status-publish","hentry"],"jetpack_sharing_enabled":true,"_links":{"self":[{"href":"https:\/\/paroisse-jemeppe-onoz.be\/paroisse\/jemeppe\/wp-json\/wp\/v2\/pages\/1367","targetHints":{"allow":["GET"]}}],"collection":[{"href":"https:\/\/paroisse-jemeppe-onoz.be\/paroisse\/jemeppe\/wp-json\/wp\/v2\/pages"}],"about":[{"href":"https:\/\/paroisse-jemeppe-onoz.be\/paroisse\/jemeppe\/wp-json\/wp\/v2\/types\/page"}],"author":[{"embeddable":true,"href":"https:\/\/paroisse-jemeppe-onoz.be\/paroisse\/jemeppe\/wp-json\/wp\/v2\/users\/1"}],"replies":[{"embeddable":true,"href":"https:\/\/paroisse-jemeppe-onoz.be\/paroisse\/jemeppe\/wp-json\/wp\/v2\/comments?post=1367"}],"version-history":[{"count":9,"href":"https:\/\/paroisse-jemeppe-onoz.be\/paroisse\/jemeppe\/wp-json\/wp\/v2\/pages\/1367\/revisions"}],"predecessor-version":[{"id":8630,"href":"https:\/\/paroisse-jemeppe-onoz.be\/paroisse\/jemeppe\/wp-json\/wp\/v2\/pages\/1367\/revisions\/8630"}],"wp:attachment":[{"href":"https:\/\/paroisse-jemeppe-onoz.be\/paroisse\/jemeppe\/wp-json\/wp\/v2\/media?parent=1367"}],"curies":[{"name":"wp","href":"https:\/\/api.w.org\/{rel}","templated":true}]}}